6
Let c(z) = z**2 - 15*z - 3. Let f be c(16). Let s(b) = -7*b**2 - 8*b**2 - b + f*b**2 + 1 - 2*b**2. Calculate s(1).
-4
Let p(y) = 6*y + 7*y + 0*y - 2*y. Determine p(-1).
-11
Let s(r) = -r**2 + r + 22. Let p(o) = -2*o + 17. Let v be p(5). Let l be ((-21)/(-6))/v*0. Give s(l).
22
Let d(t) = t**3 - 14*t**2 - 14*t - 30. Suppose 0 = a - 4*k + 1, -2*k + 0*k + 23 = a. Determine d(a).
-15
Suppose -7 + 27 = 4*a. Let t be (-1)/(-2)*-3*-2. Let c(j) = -33*j - 33*j + 69*j + 8 - j**2 - t. Determine c(a).
-5
Let w = 9 + -3. Let o(x) be the first derivative of -x**2 + 2*x - 57. Give o(w).
-10
Let o(v) = 6*v - 57. Let w(u) = -2*u + 19. Let r(l) = 6*o(l) + 17*w(l). Let k be r(10). Let b(p) = 11*p**2 - p + 1. What is b(k)?
11
Let r(v) = -v**2 - 4*v. Let q be (-12)/(-15)*(-220)/8. Let w = 18 + q. Determine r(w).
0
Let p(t) = 2*t**2 - t - 1. Let c be p(1). Let m(u) = 2*u - 16. Calculate m(c).
-16
Let k(x) be the third derivative of -x**4/6 - x**3/2 - 295*x**2. Determine k(2).
-11
Let y = 72 + -69. Let k be 27/81 - (-1 - (-19)/y). Let b(n) = -n**3 - 4*n**2 + 4*n + 2. Give b(k).
7
Let i(s) = s + 9. Let k be i(-4). Suppose 0 = -z - l + 12, 2*l = -k*z + 3*l + 78. Let m(a) = -1 + 12*a + z*a - a**3 - 3*a**2 - 25*a. Calculate m(-4).
7
Let h = 34 - 30. Let s(t) = -2*t + h - 2 + t. Determine s(0).
2
Let s(a) be the third derivative of 0*a**3 + 1/60*a**5 + 0*a + 0 - 1/60*a**6 + 44*a**2 - 1/24*a**4. Calculate s(1).
-2
Let r be 5*2 - 10/5. Let n = 9 - r. Let f(i) = -n - 48*i**2 + 0 - i + 50*i**2. Determine f(-3).
20
Let r be (-5)/4 + 6/(-8). Let c(o) be the third derivative of o**4/8 - 17*o**2. What is c(r)?
-6
Let w(n) = -n**3 + 7*n**2 - 9*n + 9. Let i be (-2 - -4)/((-2)/4). Let g be (i/(-5))/((-4)/(-30)). Determine w(g).
-9
Let v(d) = -6*d + 2 + 3*d + 4*d. Suppose -w + 24 = -y + 2*y, 0 = y - 3. Let t = w - 15. Calculate v(t).
8
Let f = 4 + 0. Let i be (-20)/(-8) - (-2)/f. Let o(z) = z**3 - 2*z**2 - 3*z + 3. Let n be o(i). Let t(c) = c**2 - 1. Calculate t(n).
8
Let f(p) be the third derivative of 1/15*p**5 + 1/120*p**6 - 3*p**2 + 1/3*p**3 + 0 + 0*p + 1/8*p**4. Calculate f(-3).
2
Suppose -z = 4*z - 10. Suppose 12 = 4*h, -3*c + 0*h + 6 = -z*h. Let l(w) = -4*w + 1. What is l(c)?
-15
Let h = -3 + -2. Let t(r) be the first derivative of -r**2 - 5/3*r**3 - 16 - 3*r - 1/4*r**4. What is t(h)?
7
Let o(s) = 5 + 7*s**2 - 5 - 11*s + 4 + 3*s**3. Let d(h) = h**3 - h. Let r(z) = 4*d(z) - o(z). Let b be r(6). Let g(n) = -n**3 + n**2 - 2*n + 2. Calculate g(b).
-6
Let p be 1 - (-5)/(5/(-2)). Let g = 2 + p. Let b(y) = 29*y**3 + y**2 + 9*y + 8. Let f(n) = -15*n**3 - n**2 - 5*n - 5. Let u(k) = -3*b(k) - 5*f(k). Give u(g).
-11
Let d(o) = -o + 1. Let q be (2/(-3))/(-3*4/(-108)). Calculate d(q).
7
Let q(t) = -6*t + 9. Let r(p) = -45*p - 719. Let l be r(-16). Calculate q(l).
3
Let a(k) = -k**2 - 4*k + 3. Let j(i) = 4*i - 82. Let w be j(21). What is a(w)?
-9
Let t = -8 + 2. Let f(a) be the third derivative of -7/6*a**3 - 15*a**2 - 1/24*a**4 + 0*a + 0. Determine f(t).
-1
Let v(u) = 3*u + 0*u - 19*u + 8*u - 4. Let z(m) = 23*m + 11. Let b(w) = -17*v(w) - 6*z(w). Suppose 3*h + 0 + 6 = 2*j, 0 = 4*j + 3*h + 24. Calculate b(j).
8
Let k(x) be the third derivative of -x**5/60 - x**4/12 - 2*x**3/3 - x**2. Let l = 20663 - 20669. Calculate k(l).
-28
Let w(h) = -h**3 - 11*h**2 + 13*h + 14. Let d be ((-8)/5)/(12/90). Determine w(d).
2
Let h(x) = -x**2. Let y(c) = -5*c**2 - 4*c + 7. Let o(k) = 4*h(k) - y(k). Let u(r) = -r - 3. Let a be u(8). Let i = a + 5. Give o(i).
5
Let u(l) = -3*l**3 + 14*l**2 - 26*l + 3. Let x(q) = 5*q**3 - 21*q**2 + 40*q - 5. Let i(p) = -8*u(p) - 5*x(p). Calculate i(-8).
1
Let r(o) = -2*o**2 + 15*o + 10. Let i be r(8). Let m(p) = -4*p + 9 - 3*p**i + 11*p**2 + 12*p - 7*p**2. Determine m(-7).
2
Suppose -11 = x - 2*x. Let q(b) = -14*b - 17*b - 1 + x*b. What is q(1)?
-21
Let h(l) = -2*l - 8. Let y(v) = v - 13. Let o be y(7). Let q(n) be the second derivative of n**3/6 - n**2/2 + 6*n - 1. Let x be q(o). Calculate h(x).
6
Let k be 3 - (-2 + 12/4). Suppose d - 1 = k. Suppose -g - d = -0*g. Let v(r) = 2*r + 4. Give v(g).
-2
Suppose -5*y + 17 = 2*l - 1, 14 = -2*l + 3*y. Let n(u) = -15*u**2. Calculate n(l).
-15
Suppose -9*i - 44 = 28. Let f be (-20)/8*6/(-5). Let h = f + i. Let q(g) = g + 2. Give q(h).
-3
Let t(r) = -2*r**2 - 4*r - 4. Let v(h) = -h**2 - 1. Let o(k) = t(k) - 3*v(k). Let w = -13 + 15. Suppose -2*s - 27 = -3*a - 7*s, 5*a - w*s = 14. Determine o(a).
-1
Let a(d) = d + 1. Let f(u) = -5*u + 14*u + 3 - 8*u. Let t be f(-6). Calculate a(t).
-2
Let p(o) = -o - 8. Let i be 5/2*2/1. Let x be 18*(2/7 + (-33)/42). Let h = i + x. Determine p(h).
-4
Let h(u) be the third derivative of 1/5*u**5 + 5/3*u**3 - 21*u**2 + 1/120*u**6 + 0*u + 11/24*u**4 + 0. What is h(-11)?
10
Let o(x) be the second derivative of x**6/120 - x**5/10 + x**4/12 - x**3 + 9*x**2/2 + x. Let q(i) be the first derivative of o(i). Calculate q(6).
6
Suppose 23*w = 24 + 45. Let u(l) be the first derivative of 7 + 4/3*l**3 - 3/2*l**2 - w*l - 1/4*l**4. Give u(3).
-3
Let g(c) = c**3 + 5*c**2 + c + 5. Let p(x) = -10*x**2 + 380*x - 6. Let l be p(38). Give g(l).
-37
Suppose 5*c - 8 = c. Let p(u) = 4*u - u**3 - u**c - 23 - u**2 + 21 + 2*u**3. Determine p(2).
6
Let r(k) = -3*k**3 - 2*k**2 - 3*k - 2. Let f be r(-1). Let u(g) = -2*g + f*g - 3*g + 0*g. What is u(2)?
-6
Let d(t) = t + 12. Suppose -b - 6 = 9. What is d(b)?
-3
Suppose -f = -1 - 0. Let m(r) be the third derivative of -7*r**4/24 - r**3/6 + 117*r**2. Determine m(f).
-8
Suppose -5*c + 3*o - 28 = 0, 2*o = -2*c - 0*o - 24. Let h(a) = -a**2 - 11*a - 10. Calculate h(c).
14
Let f = 16 - 10. Suppose f = k + k. Let l(w) = -9*w**3 + 8*w**3 + 0*w**3 + 4*w**2 - k + 3*w. Determine l(4).
9
Let h be ((1/(-2))/(-1))/(1/2). Let s(d) = 11*d**2 + d. What is s(h)?
12
Let s(q) = -q**2 - q + 2. Let y(o) = -3*o**3 - 2*o**2 + 2*o. Let z be y(1). What is s(z)?
-4
Let k(p) = p**2 - 4*p + 1. Suppose 0*g + 6 = -g - 4*d, 3*g - 3*d = 12. Suppose g*h - l = 5*h + 49, -4*h - 3*l - 72 = 0. Let r = h - -19. Give k(r).
1
Let p(x) be the first derivative of -x**2/2 - 4*x - 92. Calculate p(-7).
3
Let o(j) = 2*j + 15. Let i be o(-7). Let y(a) = 2*a + 7*a + 3*a - i. Suppose -5*v - 10 = 5*s, -5 + 4 = 2*v + s. Give y(v).
11
Let m(o) = -o + 16. Let h be (0 - 0)/((-2)/(-1)) + -23. Let s(k) = 8*k + 1. Let v be s(-3). Let u = h - v. What is m(u)?
16
Let n(l) be the third derivative of l**5/40 + l**4/4 + 11*l**3/6 - 13*l**2. Let d(a) be the first derivative of n(a). Give d(-5).
-9
Let k(v) = -7*v + 38. Let o be k(6). Let d(w) = -w**2 + w + 27. Give d(o).
7
Let m(y) = y**2 - 7*y + 2. Suppose -13 = 7*h - 6. Let g(d) = -d**2 + d - 1. Let x(l) = h*m(l) - 2*g(l). What is x(-5)?
0
Let q(d) = -4*d + 7. Let t be (4/(-12))/(-2 + 29/15). Suppose -5*c + t*u + 15 = 0, -2*c + 3*c + 2*u = 9. Determine q(c).
-13
Let v(k) = -109 + 2*k + 220 - 110. Calculate v(-3).
-5
Suppose 3*d - 5*m + 37 = 0, -77*d + 15 = -78*d + 3*m. Let v(s) = -s - 13. Determine v(d).
-4
Let f(b) be the first derivative of -b**4/4 + b**3/3 + 5*b + 56. Suppose 2*y + 1 = 9. Suppose 0*v = -y*v. Determine f(v).
5
Let f(a) be the second derivative of a**2 + 3*a - 2/3*a**3 + 0. Let i(n) = -n**2 - 7*n - 7. Let l be i(-2). Calculate f(l).
-10
Let f(i) = -2*i**2 - i + 2. Suppose -6*q = -q - 10. Let u(d) = 0*d**2 - 3*d + 5*d + 6*d**2 - d**q - 6. Let m(k) = -11*f(k) - 4*u(k). Give m(-3).
11
Let t be 40/(-30) + 7/21. Let r(k) = 2*k + 9. Determine r(t).
7
Let o(x) = -34 + 44 + x - 30. Give o(15).
-5
Let n(p) = 2*p**3 + 2*p**2 - p + 5. Let o be n(0). Suppose -5*d - 3*q = 0, -d - 2*q + 22 = -o*d. Let t(l) = -2*l + 4. Give t(d).
10
Suppose -4*s + 21 = 5*f - s, -f + 5*s - 7 = 0. Let q = 0 + 8. Let k(c) = -q*c**2 + 23*c**3 - 22*c**3 + c - 2 + f*c**2 + c. Give k(4).
-10
Let a(x) = 4*x - 2*x**2 + 3*x**2 + x**2. Let j be 1/(-3) + (-136)/51. Determine a(j).
6
Let d(c) = -c**3 + 5*c**2 + 5*c + 7. Let k be (-92)/(-966) + (206/(-42))/(-1). What is d(k)?
32
Let k(p) be the first derivative of p**3 - 2*p**2 + 3*p + 30. Give k(2).
7
Let r(m) = -m**3 - 5*m**2 + 9*m - 8. Let b(g) = g**2 - 5*g - 111. Let j be b(13). Determine r(j).
27
Let j(c) = c**2. Let n(f) = -3*f**2 - 4*f. Let h(u) = -2*j(u) - n(u). Calculate h(-6).
12
Let t(r) = r**3 + 4*r**2 - 5*r + 7. Suppose 21*b = -35 - 70. Give t(b).
7
Let j 